022.
2, 3, 7, 17, 1229141
What are the prime factors of 66237904?
2, 1543, 2683
What are the prime factors of 98421246?
2, 3, 7, 11, 71011
What are the prime factors of 23341521?
3, 7, 59, 18839
What are the prime factors of 40218253?
31, 41, 31643
What are the prime factors of 1602368421?
3, 534122807
What are the prime factors of 1734675277?
31, 55957267
List the prime factors of 116702701.
251, 464951
What are the prime factors of 685780771?
13, 1229, 42923
What are the prime factors of 73384138?
2, 17, 2158357
List the prime factors of 62954403.
3, 20984801
List the prime factors of 144958647.
3, 48319549
List the prime factors of 35108945.
5, 7021789
List the prime factors of 299264217.
3, 7, 463, 4397
List the prime factors of 87235243.
47, 1856069
List the prime factors of 998358829.
13, 76796833
List the prime factors of 820441616.
2, 51277601
List the prime factors of 132535585.
5, 7, 13, 291287
What are the prime factors of 514998960?
2, 3, 5, 7, 43, 7129
List the prime factors of 47284085.
5, 9456817
What are the prime factors of 54751160?
2, 5, 19, 61, 1181
What are the prime factors of 203794233?
3, 107, 127, 4999
List the prime factors of 75908839.
821, 92459
What are the prime factors of 226405612?
2, 53, 1067951
List the prime factors of 156339297.
3, 17371033
What are the prime factors of 390302949?
3, 17, 61, 109, 1151
List the prime factors of 123500697.
3, 523, 78713
List the prime factors of 489178162.
2, 11, 17, 47, 1637
What are the prime factors of 984020918?
2, 21569, 22811
List the prime factors of 1315236824.
2, 11, 17, 879169
List the prime factors of 118198572.
2, 3, 37, 41, 43, 151
What are the prime factors of 98882795?
5, 11, 17, 6221
What are the prime factors of 234047890?
2, 5, 19, 1231831
List the prime factors of 15422691.
3, 61, 71, 1187
List the prime factors of 6391281.
3, 13, 29, 5651
List the prime factors of 3308761925.
5, 7, 18907211
What are the prime factors of 38907316?
2, 7, 1389547
What are the prime factors of 56572949?
2803, 20183
What are the prime factors of 215218989?
3, 79, 421, 719
List the prime factors of 326806055.
5, 65361211
List the prime factors of 886767293.
6869, 129097
What are the prime factors of 33737033?
11, 3067003
What are the prime factors of 119715188?
2, 2437, 12281
List the prime factors of 437497769.
109, 251, 15991
List the prime factors of 901791578.
2, 450895789
List the prime factors of 62632363.
62632363
List the prime factors of 1091240736.
2, 3, 47, 367, 659
What are the prime factors of 36179416?
2, 7, 13, 49697
What are the prime factors of 2338363733?
331, 2287, 3089
What are the prime factors of 1274163139?
271, 4701709
List the prime factors of 54427892.
2, 13606973
What are the prime factors of 153947163?
3, 51315721
What are the prime factors of 1547757969?
3, 181, 2850383
List the prime factors of 345438243.
3, 41, 97, 3217
What are the prime factors of 3146674028?
2, 37, 67, 317333
What are the prime factors of 26968632?
2, 3, 1123693
List the prime factors of 104334660.
2, 3, 5, 579637
What are the prime factors of 500064017?
557, 897781
What are the prime factors of 67015632?
2, 3, 17, 4831
List the prime factors of 12136112.
2, 67, 11321
What are the prime factors of 240799762?
2, 7, 17199983
What are the prime factors of 582374575?
5, 23294983
List the prime factors of 246291813.
3, 19, 480101
List the prime factors of 954272423.
13, 3637, 20183
What are the prime factors of 57449340?
2, 3, 5, 13, 24551
What are the prime factors of 69792095?
5, 13958419
What are the prime factors of 435693847?
435693847
List the prime factors of 161664256.
2, 13, 31, 1567
List the prime factors of 487583676.
2, 3, 53, 421, 607
What are the prime factors of 160668320?
2, 5, 269, 3733
What are the prime factors of 145843358?
2, 43, 1695853
List the prime factors of 370771294.
2, 185385647
What are the prime factors of 465101324?
2, 3571, 32561
List the prime factors of 4475886447.
3, 6967, 214147
List the prime factors of 122209297.
7, 17458471
List the prime factors of 864282636.
2, 3, 7, 381077
List the prime factors of 6708240407.
11, 397, 1536121
List the prime factors of 417556379.
417556379
What are the prime factors of 960598787?
17, 839, 67349
List the prime factors of 178816874.
2, 191, 468107
What are the prime factors of 418507036?
2, 104626759
What are the prime factors of 25566986?
2, 12783493
What are the prime factors of 5826454476?
2, 3, 4999, 97127
What are the prime factors of 194333672?
2, 13, 19, 98347
What are the prime factors of 3013673247?
3, 13, 157, 359, 457
List the prime factors of 74366603.
101, 167, 4409
What are the prime factors of 637998919?
59, 563, 19207
List the prime factors of 275444821.
275444821
List the prime factors of 5042009331.
3, 23, 24357533
List the prime factors of 638690238.
2, 3, 17, 47, 113, 131
List the prime factors of 1192332839.
10559, 112921
What are the prime factors of 2925649273?
31, 94375783
What are the prime factors of 2658648529?
4729, 562201
What are the prime factors of 197460816?
2, 3, 7, 43, 79, 173
List the prime factors of 45773351.
13, 109, 32303
List the prime factors of 4692565463.
53, 587, 150833
List the prime factors of 3387578044.
2, 29, 3733, 7823
What are the prime factors of 307913823?
3, 7, 877, 5573
What are the prime factors of 5808350894?
2, 32191, 90217
List the prime factors of 146583576.
2, 3, 263, 7741
List the prime factors of 312139419.
3, 53, 673, 2917
What are the prime factors of 54096069?
3, 23, 89, 383
What are the prime factors of 1261027734?
2, 3, 17, 31, 41, 71, 137
List the prime factors of 52403120.
2, 5, 7, 11, 47, 181
What are the prime factors of 1158343984?
2, 7, 29, 71, 5023
List the prime factors of 160567909.
10973, 14633
List the prime factors of 65427099.
3, 233, 93601
What are the prime factors of 22611212?
2, 13, 434831
What are the prime factors of 39737052?
2, 3, 347, 3181
List the prime factors of 3615091260.
2, 3, 5, 11, 971, 5641
List the prime factors of 1145557288.
2, 143194661
What are the prime factors of 5415540?
2, 3, 5, 13, 53, 131
List the prime factors of 4519293870.
2, 3, 5, 7, 13, 1655419
List the prime factors of 154364134.
2, 1321, 58427
List the prime factors of 6730109727.
3, 11, 203942719
List the prime factors of 169772386.
2, 7, 701, 17299
What are the prime factors of 32616250?
2, 5, 97, 269
What are the prime factors of 183701584?
2, 11, 1043759
What are the prime factors of 416384834?
2, 2399, 86783
List the prime factors of 1628145205.
5, 61, 103, 51827
What are the prime factors of 18964484?
2, 7, 11, 67, 919
What are the prime factors of 228415067?
228415067
List the prime factors of 140963656.
2, 17620457
List the prime factors of 33228377.
7, 13, 365147
What are the prime factors of 49240682?
2, 503, 48947
List the prime factors of 868495503.
3, 289498501
What are the prime factors of 548368201?
17, 1753, 18401
What are the prime factors of 41764058?
2, 7, 2983147
List the prime factors of 873449310.
2, 3, 5, 757, 38461
What are the prime factors of 30638146?
2, 7, 11, 19, 37, 283
List the prime factors of 42326081.
7, 233, 25951
List the prime factors of 344721849.
3, 397, 289439
List the prime factors of 43050552.
2, 3, 1793773
What are the prime factors of 45600240?
2, 3, 5, 7, 27143
List the prime factors of 58212216.
2, 3, 17, 83, 191
What are the prime factors of 2655129056?
2, 103, 127, 6343
What are the prime factors of 46320708?
2, 3, 7, 19, 29023
List the prime factors of 315176902.
2, 19, 53, 156493
What are the prime factors of 10713838?
2, 47, 293, 389
List the prime factors of 5355616059.
3, 181, 439, 7489
What are the prime factors of 7873654?
2, 3936827
What are the prime factors of 19050957?
3, 31, 281
List the prime factors of 1327710299.
4421, 300319
What are the prime factors of 514433588?
2, 19, 461, 14683
List the prime factors of 255605214.
2, 3, 19, 821, 2731
List the prime factors of 1007225750.
2, 5, 83, 48541
List the prime factors of 776598576.
2, 3, 13, 43, 103, 281
What are the prime factors of 2567048267?
7, 1063, 344987
What are the prime factors of 704947674?
2, 3, 139, 845261
What are the prime factors of 50370642?
2, 3, 7, 149, 2683
List the prime factors of 204185504.
2, 17, 375341
List